{"id":1278,"date":"2017-05-30T20:41:19","date_gmt":"2017-05-30T19:41:19","guid":{"rendered":"http:\/\/bubis-berta.de\/?page_id=1278"},"modified":"2017-12-31T17:16:53","modified_gmt":"2017-12-31T16:16:53","slug":"die-kueche-und-die-moebel","status":"publish","type":"page","link":"https:\/\/bubis-berta.de\/?page_id=1278","title":{"rendered":"Die K\u00fcche und die M\u00f6bel"},"content":{"rendered":"<p>Auch hier stehen die Auswahlkriterien Gewicht und Verpackungsma\u00df an erster Stelle.<\/p>\n<p>Leicht, schnell zu reinigen, passt in die vorhandene Transportbox!<\/p>\n<h3>Tisch:<\/h3>\n<p>Lange habe ich mit mir gerungen: ein Tisch ist Luxus. Auf jedem Campingplatz gibt es B\u00e4nke mit Tischen. Von wegen! Ein Zeltlager ist erst richtig gem\u00fctlich, wenn man zwischen den H\u00fctten abh\u00e4ngt, und nicht seine Koch- und Mampfklamotten umherschleppt. Bei dem passenden Sitzgest\u00fchl, recht bodennah gebaut, ist ein kleiner Tisch zum Abstellen ein echter Fortschritt. Als Singlereisender vollkommen ausreichend.<\/p>\n<div id=\"attachment_1284\" style=\"width: 310px\" class=\"wp-caption alignnone\"><a href=\"http:\/\/bubis-berta.de\/wp-content\/uploads\/2017\/05\/Tisch-e1496166628389.jpg\"><img loading=\"lazy\" decoding=\"async\" aria-describedby=\"caption-attachment-1284\" width=\"300\" height=\"169\" class=\"wp-image-1284 size-medium\" alt=\"\" src=\"https:\/\/bubis-berta.de\/wp-content\/uploads\/2017\/05\/Tisch-300x169.jpg\"><\/a><p id=\"caption-attachment-1284\" class=\"wp-caption-text\">Alutisch klappbar<\/p><\/div>\n<p>Die Eigenschaft &#8218;klappbar&#8216; habe ich entfernt. Die St\u00e4be zum Durchschieben sind festverbaut und so findet das Teil nur mit den eingefalteten Beinchen seinen Platz unter der gro\u00dfen Rolltasche.<\/p>\n<p>Gewicht: 800g<\/p>\n<p>Ma\u00dfe aufgebaut: 40 x 35 x 16 cm<\/p>\n<p>&nbsp;<\/p>\n<h3>Campingstuhl:<\/h3>\n<p>Erst im vierten Anlauf fand ich die Ideall\u00f6sung f\u00fcr mich. Eine Kombil\u00f6sung aus saubequem, leicht (890g) und kleinem Packma\u00df (35 x 10 x 12cm)<\/p>\n<p>Helinox Chaire One<\/p>\n<p>&nbsp;<\/p>\n<div id=\"attachment_1280\" style=\"width: 310px\" class=\"wp-caption alignnone\"><a href=\"http:\/\/bubis-berta.de\/wp-content\/uploads\/2017\/05\/helinox_01-e1496166665887.jpg\"><img loading=\"lazy\" decoding=\"async\" aria-describedby=\"caption-attachment-1280\" width=\"300\" height=\"169\" class=\"wp-image-1280 size-medium\" alt=\"\" src=\"https:\/\/bubis-berta.de\/wp-content\/uploads\/2017\/05\/helinox_01-300x169.jpg\"><\/a><p id=\"caption-attachment-1280\" class=\"wp-caption-text\">Helinox Chair One<\/p><\/div>\n<p>&nbsp;<\/p>\n<div id=\"attachment_1281\" style=\"width: 310px\" class=\"wp-caption alignnone\"><a href=\"http:\/\/bubis-berta.de\/wp-content\/uploads\/2017\/05\/helinox_02-e1496166651917.jpg\"><img loading=\"lazy\" decoding=\"async\" aria-describedby=\"caption-attachment-1281\" width=\"300\" height=\"169\" class=\"size-medium wp-image-1281\" alt=\"\" src=\"http:\/\/bubis-berta.de\/wp-content\/uploads\/2017\/05\/helinox_02-300x169.jpg\"><\/a><p id=\"caption-attachment-1281\" class=\"wp-caption-text\">Stuhl verpackt<\/p><\/div>\n<p>&nbsp;<\/p>\n<h3>Kocher:<\/h3>\n<p>Ich habe verschiedene Kocher ausprobiert. Mir bis zum Schlu\u00df geblieben ist ein faltbarer Gaskocher, der mich seit 2008 begleitet. Der beste Kompromi\u00df zwischen Kochleistung und Komfort.<\/p>\n<p class=\"a-size-large a-spacing-none\" id=\"title\"><span class=\"a-size-large\" id=\"productTitle\">Coleman 68178 F1 Lite Gaskocher mit Windschutz<br \/>\n<\/span><\/p>\n<p><span style=\"display: inline !important; float: none; background-color: transparent; color: #333333; cursor: text; font-family: Georgia,'Times New Roman','Bitstream Charter',Times,serif; font-size: 16px; font-style: normal; font-variant: normal; font-weight: 400; letter-spacing: normal; orphans: 2; text-align: left; text-decoration: none; text-indent: 0px; text-transform: none; -webkit-text-stroke-width: 0px; white-space: normal; word-spacing: 0px;\">Ein faltbarer, kleiner Gaskocher von Coleman in praktischem Transportbeutel. Hier passt auch das Feuerzeug rein. Dazu ein Windschutz, der auf die eingesetzten Gaskartuschen geklemmt wird, erg\u00e4nzt meinen Grill.<\/span><\/p>\n<p>&nbsp;<\/p>\n<div id=\"attachment_1282\" style=\"width: 310px\" class=\"wp-caption alignnone\"><a href=\"http:\/\/bubis-berta.de\/wp-content\/uploads\/2017\/05\/Kocher_01.jpg\"><img loading=\"lazy\" decoding=\"async\" aria-describedby=\"caption-attachment-1282\" width=\"300\" height=\"169\" class=\"wp-image-1282 size-medium\" alt=\"\" src=\"https:\/\/bubis-berta.de\/wp-content\/uploads\/2017\/05\/Kocher_01-300x169.jpg\"><\/a><p id=\"caption-attachment-1282\" class=\"wp-caption-text\">Kocher<\/p><\/div>\n<p>&nbsp;<\/p>\n<div id=\"attachment_1283\" style=\"width: 310px\" class=\"wp-caption alignnone\"><a href=\"http:\/\/bubis-berta.de\/wp-content\/uploads\/2017\/05\/Kocher_02-e1496166641205.jpg\"><img loading=\"lazy\" decoding=\"async\" aria-describedby=\"caption-attachment-1283\" width=\"300\" height=\"169\" class=\"wp-image-1283 size-medium\" alt=\"\" src=\"https:\/\/bubis-berta.de\/wp-content\/uploads\/2017\/05\/Kocher_02-300x169.jpg\"><\/a><p id=\"caption-attachment-1283\" class=\"wp-caption-text\">Kocher aufgebaut<\/p><\/div>\n<p>&nbsp;<\/p>\n<h3>Geschirr und T\u00f6pfe:<\/h3>\n<p>Die ersten T\u00f6pfe bestanden aus Edelstahl. Leider brannten die Speisen sehr schnell an, mit dem Reinigen war es eine Plage und au\u00dferdem das Gewicht&#8230;.<\/p>\n<p>Nach ein paar Tagen Kochen flogen die Dinger in den Schrott und teflonbeschichtete Alut\u00f6pfe fanden mein Wohlgefallen. Kochen, braten, d\u00fcnsten, alles kein Problem.<\/p>\n<div id=\"attachment_1285\" style=\"width: 310px\" class=\"wp-caption alignnone\"><a href=\"http:\/\/bubis-berta.de\/wp-content\/uploads\/2017\/05\/Toepfe_01-e1496166616387.jpg\"><img loading=\"lazy\" decoding=\"async\" aria-describedby=\"caption-attachment-1285\" width=\"300\" height=\"169\" class=\"wp-image-1285 size-medium\" alt=\"\" src=\"https:\/\/bubis-berta.de\/wp-content\/uploads\/2017\/05\/Toepfe_01-300x169.jpg\"><\/a><p id=\"caption-attachment-1285\" class=\"wp-caption-text\">Beschichtete Alut\u00f6pfe<\/p><\/div>\n<p>Beim Werkzeug ist es so eine Sache. Kunststoff-, oder auch ordin\u00e4r beschrieben, Plastikschaber erh\u00f6hen die Haltbarkeit der Beschichtung in den T\u00f6pfen, der Rest ist Edelstahl und Titan (leider schlecht zu reinigen).<\/p>\n<p>&nbsp;<\/p>\n<div id=\"attachment_1279\" style=\"width: 310px\" class=\"wp-caption alignnone\"><a href=\"http:\/\/bubis-berta.de\/wp-content\/uploads\/2017\/05\/Geschirr_01-e1496166599700.jpg\"><img loading=\"lazy\" decoding=\"async\" aria-describedby=\"caption-attachment-1279\" width=\"300\" height=\"169\" class=\"wp-image-1279 size-medium\" alt=\"\" src=\"https:\/\/bubis-berta.de\/wp-content\/uploads\/2017\/05\/Geschirr_01-300x169.jpg\"><\/a><p id=\"caption-attachment-1279\" class=\"wp-caption-text\">Essenswerkzeug<\/p><\/div>\n<p>&nbsp;<\/p>\n<h3>Transportboxen:<\/h3>\n<p>\u00c4hnliches Thema wie beim Kocher. Viele Hersteller und Formen ausprobiert. Runde Gef\u00e4\u00dfe nehmen zu viel Platz weg. Bew\u00e4hrt haben sich 2 gro\u00dfe Boxen als wasserdichte Beh\u00e4lter, die in die Transporttaschen auf den Alukoffern passen. Da kommt alles rein, was ich zum Kochen brauche und f\u00fcr schnelles Trinken und Mampf zwischendurch. So brauche ich nicht erst die Koffer \u00f6ffnen.<\/p>\n<p>Mehrere Multifunktionsboxen von Lock &amp; Lock in unterschiedlichen Gr\u00f6\u00dfen, die zuf\u00e4llig perfekt in die Alukoffer passen.<\/p>\n<div id=\"attachment_4821\" style=\"width: 310px\" class=\"wp-caption alignnone\"><a href=\"https:\/\/bubis-berta.de\/wp-content\/uploads\/2017\/12\/wasserdichte-Boxen-e1514736151760.jpg\"><img loading=\"lazy\" decoding=\"async\" aria-describedby=\"caption-attachment-4821\" width=\"300\" height=\"169\" class=\"size-medium wp-image-4821\" alt=\"\" src=\"https:\/\/bubis-berta.de\/wp-content\/uploads\/2017\/12\/wasserdichte-Boxen-300x169.jpg\"><\/a><p id=\"caption-attachment-4821\" class=\"wp-caption-text\">Wasserdichte Multifunktionsboxen<\/p><\/div>\n<p>&nbsp;<\/p>\n<p>&nbsp;<\/p>\n<p>&nbsp;<\/p>\n","protected":false},"excerpt":{"rendered":"<p>Auch hier stehen die Auswahlkriterien Gewicht und Verpackungsma\u00df an erster Stelle. Leicht, schnell zu reinigen, passt in die vorhandene Transportbox! Tisch: Lange habe ich mit mir gerungen: ein Tisch ist Luxus. Auf jedem Campingplatz gibt es B\u00e4nke mit Tischen. Von wegen! Ein Zeltlager ist erst richtig gem\u00fctlich, wenn man zwischen den H\u00fctten abh\u00e4ngt, und nicht [&hellip;]<\/p>\n","protected":false},"author":2,"featured_media":0,"parent":911,"menu_order":0,"comment_status":"closed","ping_status":"closed","template":"","meta":{"footnotes":""},"class_list":["post-1278","page","type-page","status-publish","hentry"],"_links":{"self":[{"href":"https:\/\/bubis-berta.de\/index.php?rest_route=\/wp\/v2\/pages\/1278","targetHints":{"allow":["GET"]}}],"collection":[{"href":"https:\/\/bubis-berta.de\/index.php?rest_route=\/wp\/v2\/pages"}],"about":[{"href":"https:\/\/bubis-berta.de\/index.php?rest_route=\/wp\/v2\/types\/page"}],"author":[{"embeddable":true,"href":"https:\/\/bubis-berta.de\/index.php?rest_route=\/wp\/v2\/users\/2"}],"replies":[{"embeddable":true,"href":"https:\/\/bubis-berta.de\/index.php?rest_route=%2Fwp%2Fv2%2Fcomments&post=1278"}],"version-history":[{"count":9,"href":"https:\/\/bubis-berta.de\/index.php?rest_route=\/wp\/v2\/pages\/1278\/revisions"}],"predecessor-version":[{"id":4822,"href":"https:\/\/bubis-berta.de\/index.php?rest_route=\/wp\/v2\/pages\/1278\/revisions\/4822"}],"up":[{"embeddable":true,"href":"https:\/\/bubis-berta.de\/index.php?rest_route=\/wp\/v2\/pages\/911"}],"wp:attachment":[{"href":"https:\/\/bubis-berta.de\/index.php?rest_route=%2Fwp%2Fv2%2Fmedia&parent=1278"}],"curies":[{"name":"wp","href":"https:\/\/api.w.org\/{rel}","templated":true}]}}